273 is divided by g(-17)?
33
Let j(t) = -28*t**3 - 2*t**2 - 2*t - 1. Let f be j(-1). Let x = f - 23. Suppose 0 = -x*y + 8 + 40. Calculate the remainder when 42 is divided by y.
6
Let z(q) = -545*q + 7139. What is the remainder when 47355 is divided by z(13)?
51
Suppose -375*l + 377*l - 192 = 0. Let g = l + -70. Calculate the remainder when g is divided by 18.
8
Let v(k) = -k**2 - 39*k - 122. Let i(x) = -x**2 - 9*x - 1. Calculate the remainder when v(-34) is divided by i(-6).
14
Let x(i) = -i**2 + 8*i - 5. Let g(o) = 13*o**3 + 2*o**2 + 6*o - 18. Let d be g(2). Let r = d - 53. What is the remainder when r is divided by x(6)?
4
Let z(g) = 54 - 2*g - 24 + 6*g - g. Calculate the remainder when 69 is divided by z(-8).
3
Suppose 37 = 3*s - 39*g + 37*g, 4*s + 4*g - 56 = 0. Suppose -s*k + 608 = 3*k. Suppose -y + 5*y = 748. What is the remainder when y is divided by k?
35
Suppose -5*i + 192 = 2*t, 0 = 2*i - 65*t + 70*t - 60. What is the remainder when 1638 is divided by i?
38
Let t(a) = a - 2*a - 199 - 195 + 399 + 2*a**2. Let j = 72 - 39. What is the remainder when t(7) is divided by j?
30
Let l(c) = 5*c**2 - 5*c + 8. Let j be l(4). Let h = 26 - j. Let u = -34 - h. What is the remainder when 31 is divided by u?
7
Let f(z) = 187*z - 161. Suppose 3*r + s - 39 = -2*s, 0 = -5*r - 2*s + 71. Suppose v = 2*v - r. Calculate the remainder when f(1) is divided by v.
11
Let v(o) = -74*o + 249. What is the remainder when 1615 is divided by v(3)?
22
Let c = -14932 - -14957. What is the remainder when 4020 is divided by c?
20
Let k = -102 + 107. Suppose 5*n - 125 = 90. What is the remainder when (-127)/(-2)*k*8/20 is divided by n?
41
Let i = 44 + -40. Calculate the remainder when 78 is divided by (5*-4)/((-2)/12*i).
18
Let d(u) = 4*u + 1266. What is the remainder when d(-86) is divided by 41?
20
Suppose -6*s + m = -2*s - 47, -3*s - 2*m + 27 = 0. Suppose 1690*b = 1703*b - 3250. Calculate the remainder when b is divided by s.
8
Calculate the remainder when 2787 is divided by (-6)/8 - (-62)/24*3 - -86.
90
Suppose -5*v + 11 = -4. Suppose 30 = v*s - 180. Calculate the remainder when s is divided by 24.
22
What is the remainder when 140/21*(4 - (-2706)/12) is divided by 71?
39
Suppose 314*p + 25 = 328*p - 101. Calculate the remainder when 10086 is divided by p.
6
Suppose -18*u + 12282 = 28*u - 7544. Calculate the remainder when u is divided by 128.
47
Let s = 1124 + -744. Let m = -375 + s. What is the remainder when 84 is divided by m?
4
Let r(k) = -96*k - 6802. Let o(z) = -10*z**3 + 6*z**2 + 2*z - 1. What is the remainder when o(-4) is divided by r(-71)?
13
Suppose 102 = 17*l - 17. Suppose 2*x = -l + 7. Suppose x = 3*t - 6, 50 = f - 2*t - 30. What is the remainder when f is divided by 31?
22
Suppose 0 = -13*s + s + 3180. Suppose -4*y = -s + 29. What is the remainder when y is divided by 27?
5
Let o be (-34)/16*(-35 - 9)*2. Suppose 4*l - 2*y - 109 = l, -5*l - 2*y + o = 0. What is the remainder when l is divided by 20?
17
Calculate the remainder when (5/2*1)/(75/10620) is divided by 119.
116
Suppose -c + f = -774, -6*c - 3*f + 3854 = -c. What is the remainder when c is divided by 41?
34
Let t(s) = -s**3 - 32*s**2 - 59*s - 304. What is the remainder when t(-41) is divided by 176?
172
Let b = 95 + -86. Suppose -773 + 52 = -7*l. Let h = l - 61. Calculate the remainder when h is divided by b.
6
Suppose 2*w - 3*w + 10 = 0. What is the remainder when (13448/(-64))/(-41)*8 is divided by ((-24)/w)/((-2)/5)?
5
What is the remainder when 772 is divided by ((-2)/(-11))/(10/330*2)?
1
Suppose -14*u + 11*u + 136 = -m, 5*m = -u + 56. Calculate the remainder when u is divided by ((-45)/(-10))/((-6)/(-16)).
10
Suppose 1116*n = 1091*n + 9775. Calculate the remainder when n is divided by 35.
6
Calculate the remainder when 976/6 + 1 - (-14)/((-462)/(-11)) is divided by 39.
8
Let h(y) = 4*y**3 - 11*y**2 + 14*y - 67. What is the remainder when h(5) is divided by 61?
45
Let x(h) = 13*h**2 - 87*h - 539. What is the remainder when x(-8) is divided by 68?
37
Suppose 3*f - 39 = 2*t, -83*t = -87*t + 24. What is the remainder when 474 is divided by f?
15
Let k = 4686 + -4493. Calculate the remainder when k is divided by (130 - 0)/(1 + 1).
63
Let d(g) = 2*g**2 + 54. Calculate the remainder when (-2958)/(-14) - 22/77 is divided by d(0).
49
Suppose -447 = -59*s - 34. What is the remainder when 57*(-4)/(-4 - 8) is divided by s?
5
Let x = 588 + -478. Suppose -z + 0*p - 4 = -2*p, -z - 5*p + 10 = 0. Suppose z = 4*s - 112. Calculate the remainder when x is divided by s.
26
Let q(d) = 9*d**3 - 2*d**2 - 9*d + 58. What is the remainder when q(5) is divided by 9?
8
Let j = 179 - 102. Let z(f) = 32*f**2 - 21*f + 23. Calculate the remainder when j is divided by z(1).
9
Let z = -4153 - -4183. What is the remainder when 474 is divided by z?
24
Let w(m) = 27*m**3 + 2*m**2 + 1. Suppose 3*n - 171 = -4*i, 180*n - 184*n = -2*i - 228. What is the remainder when w(2) is divided by n?
54
Let y = -86 + 91. Suppose r + 0*r = -y*r. Suppose r*d = 2*d - 230. What is the remainder when d is divided by 58?
57
Let t be 8/32 - (-9)/24*-926. Let x = t - -376. Calculate the remainder when 53 is divided by x.
24
Let p(j) = 5*j - 3. Let a be p(7). Suppose -h - b + 16 = 4*b, -a = -2*h + 3*b. What is the remainder when (62/(-4))/((-12)/24) is divided by h?
15
Let j be 52/442 + 304/17. Suppose 5*y - 107 = j. What is the remainder when 91 is divided by y?
16
Suppose 21*b = 6282 - 675. Calculate the remainder when b is divided by 54.
51
Calculate the remainder when 1387 is divided by -6*(2 + (-5)/5)*(-88)/33.
11
Calculate the remainder when 4078 is divided by -9 - 0 - 9*2150/(-225).
74
Suppose 2*f = 5*u - 27192, -6*f = -7*u - 10*f + 38028. Calculate the remainder when u is divided by 27.
9
Let d = -1152 - -1932. Suppose 0 = -4*j - 2*b + 1046, -10*b = -3*j - 13*b + d. Calculate the remainder when j is divided by 24.
23
Let m(y) = 11*y**2 - 37*y - 14. Let r be m(-5). Suppose -8*c - r + 558 = 0. What is the remainder when 121 is divided by c?
9
Let j be (-8)/(-12) + -1*(-1731)/9. Let m = j + -179. Calculate the remainder when 39 is divided by m.
11
Suppose 0*j + 5*j - 30 = 0. What is the remainder when 84/49 + 2948/77 is divided by j?
4
Let q = -40 - -243. Let s = 262 - q. What is the remainder when s is divided by 20?
19
Let t = 2116 + -1658. What is the remainder when t is divided by 25?
8
Let n be (40 + 86)*((-14)/(-3) - 2). Suppose 3*k + n = 669. Calculate the remainder when k is divided by 22.
1
Suppose -182 = 18*q - 25*q. Let z = q - 0. What is the remainder when 101 is divided by z?
23
Suppose 5*q - 117*h - 15903 = -118*h, 3*h = q - 3203. Calculate the remainder when q is divided by 65.
62
Suppose -5*z + 150 + 85 = 0. Suppose -8*m + 13*m - 3*b + 6 = 0, 2*b = 2*m. Let a = m + z. Calculate the remainder when a is divided by 12.
8
Let d be (-4)/18*3*-6*1. Let g(w) = -226*w - d + 127*w + 118*w - 2*w**2. What is the remainder when g(7) is divided by 16?
15
Let p(d) = -3*d + 185. Let j = 391 - 349. What is the remainder when p(j) is divided by 21?
17
What is the remainder when 1068/(-30)*((-92)/8 - 3/(-2)) is divided by 2?
0
Suppose w + 140 = 5*w. Suppose -36*c = -w*c + 70. Let b = -8 - c. What is the remainder when b is divided by 13?
10
Suppose 20*l + 3*h + 56715 = 23*l, -2*h = -5*l + 94549. What is the remainder when l is divided by 14?
13
Let c(w) = -2*w**3 - 7*w**2 - w + 5. Suppose 6*s + 7*s - 26 = 0. Suppose 5*r - 84 = r + s*i, 3*r - 60 = 3*i. Calculate the remainder when c(-5) is divided by r.
19
Suppose -2 = -0*f + f + 2*b, 3*b - 18 = -5*f. Let q = -31 + 33. Suppose t - 19 = -q. What is the remainder when t is divided by f?
5
Suppose 7*a - 56 - 7 = 0. Suppose 562 + 428 = a*w. What is the remainder when w is divided by 28?
26
Let f = 351 - 248. Suppose 5*p + a - 73 = 0, -p - 29*a = -34*a + 1. Calculate the remainder when f is divided by (-3 + 189/p)*2.
19
Suppose 0 = -10*y + 1372 + 1448. Let f = y + -237. What is the remainder when 852 is divided by f?
42
Let v(b) = -2*b + 20. Let w be v(10). Suppose 0 = 3*s - 3*g - 216, w = 2*s + 2*g - g - 129. What is the remainder when 400 is divided by s?
65
Calculate the remainder when -61*1*(-15)/((-210)/(-14)) is divided by ((-16)/5)/(3/(-15)).
13
Let z(a) = -a**2 - a - 1. Let i(d) = -2*d**3 +